8)/16). Let y be (90/(-2))/(5/(-15)). Let r = w + y. What is the greatest common divisor of 14 and r?
14
Let w(d) = d + 22. Let c be w(-11). Let o(y) = y**3 - 13*y**2 - 13*y + 8. Let i be o(14). What is the highest common divisor of c and i?
11
Suppose -213*p = -219*p + 3996. Calculate the highest common divisor of p and 148.
74
Let m(k) = k**3 - 15*k**2 - k + 29. Let u be m(15). What is the greatest common factor of 119 and u?
7
Let h = 1959 + -1035. Calculate the highest common factor of h and 77.
77
Let h = 5 + 4. Let p = h - -31. What is the highest common divisor of 10 and p?
10
Let q be (4/(-8))/((-2)/(-4))*-34. Calculate the highest common divisor of 289 and q.
17
Let u be (-6 + 142/(-6))/((-1)/(-3)). Let w = u - -99. Suppose -9 = -5*n + 41. What is the highest common factor of w and n?
10
Let f be (-508)/(-6) + -1 + 5/15. Suppose -2 = -m + 27. Let w = -17 + m. What is the highest common divisor of w and f?
12
Let f be 4832/34 + 10/(-85). Let t = f + -132. Calculate the highest common factor of t and 40.
10
Suppose -15 = -t - 3. Suppose -2*j + t = 10. Calculate the greatest common factor of 8 and j.
1
Let q = 105 + -71. Let o be (-5)/((-20)/92) - -1. Suppose -o*m + 31*m - 2142 = 0. What is the highest common divisor of m and q?
34
Suppose -6*z = -5*z - 2. Let y be 2 + z - (-4)/(-1). Suppose -4*l - 2*n - 2*n + 88 = y, -2*n - 100 = -4*l. Calculate the greatest common factor of 8 and l.
8
Suppose 4*q = 4*o + 356, 132*o + 172 = 2*q + 136*o. What is the greatest common factor of 1012 and q?
44
Let a(r) = -13*r - 419. Let b be a(-45). Calculate the greatest common factor of 1909 and b.
83
Let t be (4/(-3))/(4/(-90)). Let m = t - 18. Suppose 44 = -2*r + 260. What is the greatest common factor of m and r?
12
Let z = 14 - -18. Let m = 3 - 0. Let k(c) = 5*c - 7. Let t be k(m). What is the greatest common factor of z and t?
8
Suppose 3*q - 55 = -2*s + 80, 0 = -s - 6*q + 90. Calculate the highest common factor of 750 and s.
30
Suppose 0 = 2*a - 32 - 32. Let q(v) = -9*v**2 - 109*v - 10. Let k be q(-12). Calculate the highest common factor of a and k.
2
Suppose -i = -2*i + 5. Suppose -i*t = -10*t + 780. What is the highest common divisor of t and 12?
12
Let z be 4/(-6) + 386/(-6). Let m = z + 138. Let b = m + -52. Calculate the greatest common divisor of b and 231.
21
Let d be (13 + -7)*(-3)/(-6). Suppose 0 = -17*x + 62 + 142. What is the greatest common factor of x and d?
3
Let u = -1528 - -2149. What is the highest common factor of u and 54?
27
Let i(y) = 5*y - 4*y - y + 14*y - 4. Let w(u) = u**3 - 5*u**2 + 7*u - 6. Let v be w(4). Let s be i(v). Calculate the greatest common factor of 16 and s.
16
Let b(c) = -12*c + 32. Let u be b(-9). What is the greatest common divisor of u and 105?
35
Let h(n) = -145*n - 14. Suppose 2*p - 22 = 5*a - p, -16 = -2*a - 5*p. Let f be h(a). Calculate the highest common divisor of f and 12.
12
Let v(x) = x**3 + 3*x**2 + 5*x + 1. Let n be v(-4). Let w = 39 + n. Let k = 4 + -3. Calculate the greatest common divisor of k and w.
1
Let t(f) = 9*f. Let p be t(-1). Let h(g) = -3*g - 2. Let i be h(p). Let a be (-5)/((15/6)/(-5)). Calculate the highest common factor of i and a.
5
Let m = -60 - -62. Suppose -3*l + m*l - 171 = -2*y, 87 = y - l. Calculate the greatest common factor of 36 and y.
12
Let g(k) be the second derivative of -1/3*k**3 - 1/2*k**2 + 0 + 17/12*k**4 - 4*k. Let n be g(-1). What is the greatest common divisor of 12 and n?
6
Let z be (1 - 2 - -43)*2. Calculate the highest common divisor of z and 63.
21
Let p be (-73)/(-6) + ((-20)/24)/5. What is the highest common factor of 2268 and p?
12
Let g = -256 - -149. Let h = 277 + g. What is the greatest common factor of h and 10?
10
Let i be 2*((-25)/(-150))/((-2)/(-2346)). What is the greatest common factor of i and 92?
23
Let q be 381/12 + 2 + (-35)/20. Calculate the greatest common divisor of 2 and q.
2
Suppose 0*m - 2*m - 4*n = -188, 3*m - n - 268 = 0. Suppose 32 = -t + 2*t + 4*g, 0 = 5*t + 2*g - 178. Calculate the highest common divisor of m and t.
18
Let i = 65 + -28. Suppose 6*x - 157 = -i. Calculate the highest common factor of 110 and x.
10
Let s be 656/(-24)*(1 + -13). What is the greatest common factor of s and 8?
8
Let x(n) = 3*n**3 - 7*n**2 - 2*n + 34. Let k be x(5). Calculate the highest common factor of 56 and k.
56
Let i = -691 - -699. Calculate the highest common divisor of 10 and i.
2
Suppose -3*g + 4*u + 107 = 28, 5*g - 5*u = 130. Suppose 31 = 7*w - g. What is the greatest common factor of w and 16?
8
Let q(n) = n**3 - 17*n**2 + 15*n + 18. Let x be q(16). Let h be x + 3 - (-2 + 1). Calculate the highest common factor of 66 and h.
6
Suppose -2*h = -5*i + 273, -7*i + 2*i + 5*h + 270 = 0. Let a be (-1888)/(-22) - (-10)/i. Calculate the greatest common divisor of a and 43.
43
Let w(o) = 34*o**2 - o + 1. Let n be w(1). Let b be ((-6)/12)/((-1)/n). Suppose 3*k - 46 = b. What is the highest common factor of k and 3?
3
Let n be 1*(-4 - -4)/4. Suppose n = -d - 3*i + 23, -3*d + 0*i - 4*i + 49 = 0. Suppose -d = 3*a - 227. What is the highest common divisor of a and 36?
36
Let k be 104/20 + (-2)/10. Let s be 7 - 5 - (-4)/2. Suppose -f + k*j = -3*f + 47, -s*f + 5*j + 19 = 0. Calculate the greatest common divisor of f and 33.
11
Suppose -44*p - 2966 = -3*a - 42*p, -5*p + 4960 = 5*a. Calculate the greatest common divisor of a and 110.
110
Let y = -1 - -2. Suppose -5*t = -4*s + 21, -s + 3*t = 6*t - 1. Suppose -8 - 4 = -s*k. Calculate the highest common divisor of y and k.
1
Suppose -m - 2*a = -6*a - 63, -m = -3*a - 61. Let f be ((-36)/(-7))/((-5)/35). Let h = f + m. What is the highest common divisor of 19 and h?
19
Suppose h = 1, 3*r - 2*r + 3*h - 34 = 0. Suppose z + 11 = 5*g - r, -g + 4*z - 3 = 0. What is the highest common divisor of 18 and g?
9
Suppose 4 = k + 15. Let h = k + 8. Let j be (12 - h) + 2 + -2. Calculate the highest common divisor of j and 105.
15
Let f(t) = -t**3 - 9*t**2 - 4*t + 79. Let c be f(-7). What is the highest common divisor of c and 144?
9
Let l = -7 - -10. Let y(x) = -x**3 + 3*x**2 + 3*x - 4. Let r be y(l). Suppose 5*q + 0*s = 2*s, s - 15 = -r*q. What is the greatest common divisor of q and 14?
2
Suppose 26*o - 40 - 272 = 0. What is the greatest common factor of o and 116?
4
Let o(g) = 10*g + 1. Let r be o(2). Let s be (-209)/(-2) + 9/18. Calculate the highest common divisor of s and r.
21
Suppose -5*n = -2031 + 581. What is the greatest common divisor of 30 and n?
10
Let k be 5 + -3*3/(-3). Let j = 14 - k. Suppose -l + j*l = 70. What is the highest common factor of l and 112?
14
Suppose b - 3 = 4*k, -3*k + 2 = 4*b + 28. Let x be 102/(-24)*8/k. Suppose 7*p + 816 = 13*p. What is the greatest common divisor of p and x?
17
Suppose -5*r = -15 - 0. Suppose r*t + 77 = 4*c, 5*c - 19 - 63 = -t. What is the greatest common factor of 119 and c?
17
Let y be (3/(-4))/((-74)/3256). Calculate the greatest common factor of 891 and y.
33
Let i be (1/2)/(9/5634). Suppose -5*m - 88 = -i. What is the highest common divisor of m and 3?
3
Suppose 0 = 27*i - 25*i - 160. Let y = 45 + -13. Calculate the greatest common divisor of i and y.
16
Suppose 6*y = 1597 - 1321. Calculate the greatest common factor of 2 and y.
2
Let d(x) = x + 10. Let o be d(0). Let j be (5 + (-12)/4 - 1) + -6. Let t = o + j. What is the highest common divisor of t and 25?
5
Suppose -z - 3*z - 152 = 0. Let b = 118 + z. Let c = b - 55. Calculate the highest common factor of 5 and c.
5
Let x = 821 + -790. What is the greatest common divisor of x and 31?
31
Suppose 4*m - 3*m + 19 = 0. Let v = m + 107. Suppose 3*s = -3*d + 18, -d + 4*s = -s - 36. Calculate the greatest common factor of v and d.
11
Let g(u) = -u**2 - 7*u - 2. Let r be g(-6). Let f(h) = r*h + 6*h**2 - 2*h**2 - 2*h + 6 + 4*h. Let p be f(-3). What is the greatest common factor of 48 and p?
24
Suppose 0 = 7*u - 10*u + 6. Suppose u*i - 48 = -z, z + i - 29 = 22. Calculate the greatest common factor of 36 and z.
18
Let b be ((-2)/6)/((-9)/81). Suppose -21 = j - 5*u, 0*u = 2*j + 3*u + b. Let f(y) = -2*y + 10. Let k be f(j). Calculate the highest common factor of k and 2.
2
Let w be 3 + (-11)/((-44)/48). Suppose w = 6*y - 15. Calculate the highest common factor of 55 and y.
5
Let t(m) = m + 14. Let v be t(6). Let y be 2/6 - (-5)/3.